(-4). Let x = a + 4605. Is x a composite number?
False
Let p = 607 - 615. Is p/(-32) - 255/20*-1889 a prime number?
False
Let v(m) = 6460*m + 169. Is v(9) prime?
True
Suppose 0 = 9*z + 1 - 28. Let m be 14/z + 8/6 + -1. Suppose -m*u + 3*u = -2*i + 9932, 9914 = 2*i + 4*u. Is i a composite number?
True
Let n = -39 + 63. Suppose -3*f + n - 6 = 0. Is 6050/44 + f/4 prime?
True
Let p = 19871 - 8962. Let h = -6038 + p. Is h a prime number?
True
Suppose -121*v + 52*v = -59*v - 5755490. Is v prime?
False
Is ((-8)/3)/((-856)/35444499) prime?
True
Suppose -11*i = -10*i - 550. Suppose 5*l - 223 = -2*c, -4*c - c - 5*l + i = 0. Is c a composite number?
False
Let c = -33 - -83. Suppose c = -q + 381. Is q a prime number?
True
Let k(h) = 2*h**3 - 41*h**2 - 23*h + 45. Let g be k(21). Let x(w) = 1706*w**3 - 2*w**2 + 7*w - 16. Is x(g) a prime number?
True
Is 18 + (-2170)/120 + (-7402381)/(-12) a composite number?
True
Let f = -5907 + 10403. Suppose -1756 = -6*g + f. Is ((-4)/(-2) + 18)*g/8 composite?
True
Let q be (17668 + 0/5 - -2)*-1. Let x = q + 27049. Is x a composite number?
True
Let r(t) = 108*t**2 + 23*t - 7. Suppose -l + 5*a - 3 = -5, -2*l - a + 15 = 0. Let q be r(l). Let n = 9483 - q. Is n a composite number?
True
Let m(t) = 34*t + 3. Let k be ((-2)/(-3))/((-8)/48). Let x be m(k). Let f = x - -216. Is f composite?
False
Let b(v) = -v**3 - 7*v**2 + 7*v + 13. Let p be b(-8). Suppose 0 = -6*u + p*u - 171885. Is u a composite number?
True
Let p be (-168)/(-21) - (1 + -1). Suppose -5025 = -p*d + 16951. Is d a composite number?
True
Let x(d) be the first derivative of d**5/5 + d**4/2 + 5*d**3/2 + 3*d**2 + 33*d + 24. Let j(u) be the first derivative of x(u). Is j(7) a composite number?
False
Let f(k) = -8 - 11*k**2 - 5 + 0 + 32*k**2. Let p be f(6). Suppose -y - 276 + p = 0. Is y a prime number?
True
Let c(m) = 69*m**2 - 251*m - 81. Is c(35) a prime number?
True
Let i(c) = 206*c**3 - 18*c**2 + 11*c - 8. Let d be i(10). Is d/21*9/2 a composite number?
True
Let r be 798 + 30/24*4. Suppose -2*d + r = 129. Is d a composite number?
False
Let c(x) = 41486*x**2 + 2*x + 73. Is c(-5) a prime number?
True
Let c(p) = -28*p**2 - 32*p + 45*p**2 - 24*p**2 + 29 + 5*p**3. Is c(17) a prime number?
True
Let i = 29 + 21. Suppose -14 = 9*u - i. Is u*(526/8 - 3) prime?
True
Let b = -159767 + 401506. Is b prime?
True
Let b = 82 - 79. Suppose -1 = s + b*u, u - 1 = s - 0*s. Let n(f) = -713*f. Is n(s) prime?
False
Let y(s) = 264*s**2 + 3*s + 2. Let l(k) = -k**2 + 8*k + 47. Let z be l(12). Is y(z) a prime number?
True
Suppose -5*l + 540 = -l. Suppose -43*j + 7*j - 21960 = 0. Let y = l - j. Is y prime?
False
Let v be 2/(-4)*1*11162. Let h = v + 8142. Is h a prime number?
False
Let k(j) = 36*j + 138679. Is k(0) prime?
True
Suppose -2*m - 2*d + 20087 = -3*d, 4*m = -4*d + 40156. Let b = m + -5057. Is b prime?
False
Let r be 756/5 + 60/75. Let m = -147 + r. Suppose -3*l = -a - 3738, -m*l = -3*l - a - 2491. Is l prime?
False
Let y(s) = -13*s**3 + 5*s**2 + 132*s + 295. Is y(-26) a composite number?
False
Let q be 1/4 + 93732/48. Suppose -863 = 11*m + q. Let t = -21 - m. Is t a prime number?
False
Let x(h) = -560*h + 278029. Is x(0) prime?
True
Suppose 5*j = 20, 38*j - 39*j = -4*h + 44808. Is h a prime number?
False
Suppose 2*s - 57436 = -4*g, 4*g + 3*s = 12271 + 45163. Suppose -4*n + 3900 + g = 0. Suppose -n = -2*b - 3*b. Is b a composite number?
True
Let r(q) = 86*q**3 + q**2 - 6*q - 73. Is r(6) prime?
True
Let t be ((-240)/(-28))/(3/14*1). Is (-25564)/(-35) - -2*12/t a composite number?
True
Let o be -1*12/(-2) + -50 + 10. Is 51/o - (-14007)/6 composite?
False
Let r be (-33395)/(-25) + 1/5. Suppose -6579 = -7*w - r. Suppose 0 = -16*s + w + 1283. Is s prime?
True
Let u = 403 - 399. Suppose -12655 = -4*t - u*w + 7*w, -w - 15816 = -5*t. Is t a prime number?
True
Suppose 0 = 2*v + 4*v - 12. Let b(l) = -29*l**3 - 30*l**3 + 60*l**3 - 14*l**v - 11 + 11*l. Is b(14) composite?
True
Suppose 16*v - 58617 = 12295. Let i = 4701 + v. Is i composite?
False
Let n(w) be the first derivative of -4/3*w**3 + 30 + w**4 + 33*w - 5*w**2. Is n(7) prime?
False
Suppose 12*l - 8*l = 0. Let i(o) = -o**2 + 8. Let s be i(l). Suppose 4*t + 1862 = 2*r, s*r + 2*t = 4*r + 3754. Is r prime?
True
Is (0 - 5)/(52910280/449824080 + 6/(-51)) prime?
False
Suppose 4*k + 114 - 551 = 5*t, 211 = 2*k + 5*t. Suppose -y = 5*y - k. Is 4/y - (-92659)/63 composite?
False
Let o(w) = 64409*w**2 - 777*w - 2339. Is o(-3) composite?
False
Suppose 56832 - 8543784 = -24*v. Is v prime?
False
Suppose 0 = q + 3*f - 1, -35 = 4*q + q - 5*f. Let d(l) = 2 - 175*l - 4 + 4. Is d(q) prime?
True
Let q be 8/3 - (-2 + (-24)/(-9)). Suppose -p + 0*p + 64 = a, -4*a + 256 = -q*p. Suppose 4*d - a = 28. Is d prime?
True
Suppose -111*s = -123*s + 1861476. Is s prime?
False
Let i(k) = -k**3 - 9*k**2 - 8*k + 4. Let y be i(-8). Let w(q) = 4 - 86*q**3 - 3 - 3*q**2 - y*q - 2 - q**3. Is w(-3) composite?
False
Let a(o) = -2*o**2 + 25*o**2 + 17*o**2 + 31 + 22*o**2 - 10*o. Is a(7) composite?
False
Suppose -x + 2*b + 20 - 6 = 0, 2*x = -7*b + 72. Suppose -59995 - 73633 = -x*q. Is q prime?
False
Let b(y) be the third derivative of -y**5/60 - y**4/24 + 131*y**3/6 + 28*y**2. Suppose 3*o - 4*a = -0 + 4, -2*o - 3*a - 3 = 0. Is b(o) a prime number?
True
Let a be (-8)/(-3)*(-60)/(-16). Suppose -10*s + 9*s + a = 0. Suppose -s*p + 7067 = -3663. Is p prime?
False
Suppose 67*q = -69*q + 11179336. Is q a composite number?
True
Is (-1 - (-4840580)/9) + 20/(-90) a composite number?
False
Suppose 0 = -u - 5*i + 276471, 62*u - 2*i + 276465 = 63*u. Is u prime?
True
Is (-15686216)/(-60) - 65/(-975) prime?
False
Suppose 153*v - 149*v - 2*h = 1079202, 0 = -5*v - 2*h + 1349007. Is v composite?
True
Suppose 5*n + 843 = 8*n. Let y be n + ((-20)/(-6) - (-3)/(-9)). Suppose y = k + 3*k. Is k a composite number?
False
Suppose -5*n - 17290309 = -18*n - 4*n. Is n prime?
True
Let d(g) = -g**3 - 8*g**2 - 46*g + 264531. Is d(0) prime?
False
Suppose t + 380 = 388. Suppose -t*p + 2213 + 1299 = 0. Is p prime?
True
Suppose -2*r + 5*k + 452 = 0, -5*k + 1200 = 3*r + 2*r. Suppose r*c - 237*c + 5241 = 0. Is c a prime number?
False
Is 6600467/114 + (-20)/24 + 1 a composite number?
False
Let p(w) = 3*w + 11. Let v be p(-5). Let f be v/(-8) - 1965/(-10). Let y = 346 - f. Is y a composite number?
False
Is 186538/7 + -7 - (2/7 - 0) prime?
True
Let c = -572002 - -947837. Is c prime?
False
Let b(p) = p**2 - 11*p + 31. Suppose 0*k - 3*d = 2*k - 45, -k + 5 = -2*d. Is b(k) prime?
False
Let v = 7502 - 4002. Suppose -5*j + 3*a + 4367 = 0, 4*j = 11*a - 7*a + v. Is j prime?
False
Let w = 295297 - 65570. Is w a prime number?
True
Let v(s) = -s**2 + 29*s - 159. Let l be v(21). Suppose -127 = l*a - 586. Is a a prime number?
False
Let i = 194541 - 49603. Is i a prime number?
False
Let l = -3014 - -17817. Is l a prime number?
False
Let u = 2108 + -3478. Let l = u + 4489. Is l composite?
False
Let x = 65 + 33. Let g = -96 + x. Suppose 0 = -u + g - 1, 3*m = -u + 1498. Is m a composite number?
False
Let d(n) = -10*n**3 - n**2 - 22*n + 10. Is d(-9) a prime number?
True
Let f = 2612 + -1817. Let q = 4940 - f. Is q composite?
True
Suppose -3113*s + 3093*s = -69100. Is s a prime number?
False
Let j(r) = 10547*r**2 + 81*r + 591. Is j(-8) composite?
True
Let f = -247 - -502. Let k be (f/10)/(2/1432). Suppose 0 = 11*h + 6301 - k. Is h composite?
False
Let t(v) = 13614*v - 1409. Is t(20) prime?
False
Is -5 - (6 - 5)*3516*-8 a prime number?
True
Let p(r) = 461*r + 466. Let s be p(-1). Let u(d) = -147*d**3 + d. Let j be u(-2). Suppose k - t = s*k - 2348, -j = -2*k - 4*t. Is k prime?
True
Is 2*(-18 + (-1224760)/(-16)) composite?
False
Let d(u) be the first derivative of 8*u**3/3 + u**2 + 5*u + 17. Let z be d(-3). Is z + -2 - (-3 + (-25)/(-5)) prime?
True
Suppose 5*y = -5*u + 1676205, 2*y - u = 382997 + 287497. Is y a composite number?
True
Suppose 0*q + q = 783. Let g be (7/(21/q) + 0)/(-1). Let o = -50 - g. Is o prime?
True
Let r(f) = 345*f**2 - 3*f - 89. Is r(-7) a prime number?
False
Let t = -60 + 72. Suppose -6 = t*v - 14*v. Let n(f) = 17*f**3 + f**2 + 7*f - 2. Is n(v) a composite number?
False
Let t be (-94)/(-4) - ((-33)/(-6))/(-11). Suppose -6521 = -25*q + t*q. Is q a prime number?
True
Suppose 2*q + 2185 = -k, 5 = -3*k - 10. Let f = -47 - 